 -8 - (2 + -4).
-1
-6 - (-7 + 1) - -1
1
1 + -3 - (7 + -12 + 12)
-9
-1 + 1 - (2 - 2 - -1)
-1
What is the value of -3 - (4 + -1 - 5)?
-1
Calculate 1 - (-2 - (1 + -2)).
2
Evaluate -5 + (2 - 0) + -1 + 1.
-3
What is the value of 6 - (8 + -3) - 7?
-6
What is 2 + 0 - (2 - 1 - 0)?
1
Evaluate (-2 - -7) + -6 + (1 - -6).
6
Calculate 93 - 89 - (0 - -10).
-6
What is (-1 - (-3 + 1)) + 2?
3
What is the value of -3 - (2 - 7 - 1)?
3
Evaluate 4 + 4 + (-5 - 6).
-3
Calculate -4 + 18 + -39 + 30.
5
Evaluate -27 + 9 - (4 - 14).
-8
What is (-5 + 2 - -1) + 3?
1
What is 9 + -13 + (11 - 1)?
6
What is the value of -7 - ((-12 - -21) + -11)?
-5
Evaluate -6 + 3 + 3 + -3 + -2.
-5
What is -5 - -8 - (-3 + (-1 - -7))?
0
Calculate 29 + -9 + -11 - 1.
8
Evaluate (4 - 9 - -22) + -9.
8
What is the value of 1 + (6 - (-1 + 0 + 4))?
4
What is the value of (0 - -6) + (-1 - (5 - 5))?
5
What is 1 + (4 - (0 + 9))?
-4
(5 - (-6 + 6)) + -1 + -3
1
Evaluate -5 + (18 - 19) + 2 + 1.
-3
What is 3 + 0 - (7 + 1 - 11)?
6
What is 1 + 2 + 4 + 4 + -5?
6
What is the value of 4 - (-1 + 1 - 2) - 15?
-9
Evaluate (-5 - -10) + -3 + 7 + -12.
-3
What is 5 + -1 + 4 + -3?
5
What is 1 - 1 - (9 + -12)?
3
What is the value of (1 - 2) + (-2 - -1 - 3)?
-5
-8 - (-5 - 2) - 4
-5
What is the value of 4 - (5 + -2 + 4 + 1)?
-4
Calculate -1 + 2 - (22 - 14) - -6.
-1
Calculate -11 - (1 - 7) - (-4 + -2).
1
Evaluate -3 + (-1 - (-11 + 0)) - 6.
1
3 + 5 - (2 - -4)
2
What is -25 + 41 - (6 + 1 + 1)?
8
Calculate 6 - (2 - (-4 - -3)).
3
Evaluate 2 + (3 + -4 - -1) + 0.
2
Calculate 19 - 8 - (16 + 2).
-7
Calculate -1 - 0 - (3 + -6 + 8).
-6
Evaluate -23 + 18 + -2 + 9.
2
-4 + (-8 - -8 - 0)
-4
-4 - 1 - (0 + (8 - 8))
-5
-5 + (2 + 1 - (12 + -16))
2
(9 - 2 - 19) + 8
-4
What is 2 + -1 + (-1 - (-3 + -1))?
4
What is 12 + -7 + -1 + (1 - 1)?
4
Evaluate 1 + 2 - (39 + -41).
5
Evaluate 0 + 3 - 0 - (3 - 1).
1
Calculate (0 - 1) + -2 - (-6 + 3).
0
(-5 - 2) + 2 - 2
-7
What is -10 - -6 - (-16 + 15)?
-3
-8 + (7 - -2) + -6
-5
What is -63 - -59 - (-7 - -1)?
2
Calculate -4 + 8 - 5 - -3.
2
(3 + -11 - -3) + 0 - -4
-1
Evaluate 0 - -14 - (-24 + 31).
7
What is 4 - (1 + (3 - 7))?
7
What is the value of 3 + (5 - 3 - 7)?
-2
Calculate 9 - (8 + -3 - 2).
6
What is the value of (76 - 68) + (-14 - -1)?
-5
(1 - 1) + 4 + -1
3
What is -1 - (-4 + -2 + 18 + -6)?
-7
Evaluate -2 + 8 + -4 + -1 + 4.
5
Calculate -4 + 3 + 9 - 13.
-5
Calculate 0 - -4 - (1 + (5 - -1)).
-3
What is the value of 8 + (-4 - (-3 + 12))?
-5
Calculate (0 + -2 - 1 - -5) + -3.
-1
Calculate 6 - 10 - (3 - 5 - -1).
-3
Calculate (-5 - 1) + -1 + 13.
6
What is (1 + 2 - 4) + -20 + 17?
-4
What is 4 - (-2 + 0 + 5 + -6)?
7
Evaluate (4 - 6) + (2 - 2) + 7.
5
What is the value of -4 + 0 + (6 + -1 - 2)?
-1
What is 33 + -25 + -1 + -12 - -8?
3
What is 0 + -7 + 9 - 10?
-8
Calculate -1 + (0 - 2) - (0 + 0).
-3
Evaluate 2 + (10 + -9 - 2).
1
Evaluate 1 - (-4 + 0) - (-3 - -1).
7
Evaluate -9 + 0 - (-18 - -13).
-4
7 - 9 - (1 - 5)
2
Calculate -5 + -3 + (6 - -3) - 0.
1
-5 - (8 + -21 - -11)
-3
What is 0 - (-5 - 2) - 1?
6
Calculate 0 + 5 + 0 - 4.
1
What is the value of (3 - (2 - 0)) + 2 + -8?
-5
(2 - 3) + (1 + -2 - -2)
0
What is the value of 7 + -12 + 18 + -11?
2
Calculate -185 - -196 - (6 - 0).
5
What is 5 + (-5 - (-5 + 6))?
-1
Evaluate (-3 - (-2 - 1)) + (-10 - -7).
-3
Calculate (-5 - (4 + -4 - 3)) + 2.
0
What is the value of 15 - 16 - (3 - (-1 - 0))?
-5
What is the value of 4 - 0 - (14 - (-8 + 21))?
3
Evaluate (6 - -2) + -10 + 5 + 1.
4
What is the value of 2 - (-9 + 2 + (-2 - -14))?
-3
-15 + 8 + -6 + 9
-4
1 + 2 + -13 + (7 - -4)
1
0 + (1 + 1 - 3)
-1
What is the value of 1 - 1 - (-24 + 21)?
3
Evaluate 0 - (-2 + 4) - (-7 + 0).
5
What is the value of -2 + 1 + (-6 - -9) + 1?
3
Calculate -2 + ((0 - 7) + 1 - -16).
8
Evaluate -5 - -1 - -4 - (2 - 1).
-1
0 - 2 - (-3 + 4)
-3
What is -9 + 0 + -11 - -11?
-9
What is the value of 15 - 18 - (10 - 5)?
-8
What is 1 - 0 - (-4 - -8)?
-3
What is -4 + (-6 - (-8 + 5)) + 6?
-1
What is 2 - (0 - (-6 + 6))?
2
What is 7 + 7 + (0 - 3) + -7?
4
What is -1 + 0 + -3 + -1 + 1?
-4
Evaluate 4 + (1 - (-7 - (6 + -8))).
10
-2 - (3 - 10) - (-2 - -3)
4
Calculate -25 + 10 + 12 - -8.
5
What is the value of 4 + (2 - (1 - -2))?
3
(-6 - -9) + (2 - 0) + -3
2
Calculate -3 + -9 - (10 + -17).
-5
What is (-3 + 0 - 0) + -2?
-5
Calculate (-2 - 6 - -8) + 3 + -1.
2
Calculate -2 + -3 + 3 + 1.
-1
What is -10 + (-2 - (-3 + -4))?
-5
Evaluate -5 + (0 - (6 + -18)).
7
Evaluate (3 - 7) + -1 + (0 - -4).
-1
(-13 - -13) + 8 + -13
-5
What is the value of -20 - (-13 - 0) - -3?
-4
What is the value of -5 - (0 + -3 - (4 - 10))?
-8
What is (-1 - -9) + (122 - 125)?
5
(-2 - 1) + 1 + -2 + 1
-3
What is the value of 5 - (-11 - -11 - (-1 + -1))?
3
Calculate (-4 - -3) + 5 + -2.
2
Calculate (1 - (1 + 1)) + -33 + 35.
1
Evaluate 2 - 5 - (1 - 3) - 3.
-4
Evaluate -4 + (-6 + 7 - -9).
6
What is (-2 + -2 - 3) + 3?
-4
What is the value of 7 - (4 - (-4 - -6))?
5
What is the value of (-1 - 1) + (8 + -2 - 0)?
4
Evaluate 11 + 0 + 2 - (-110 - -114).
9
-1 - (-1 + -4 + -2 + 2)
4
Evaluate 9 - -5 - 3 - (0 - -3).
8
What is 5 - ((-2 - (-7 + 2)) + 5)?
-3
Evaluate 6 + 1 + -4 + (-14 - -14).
3
What is -2 + 0 + -3 + 3?
-2
-1 + 0 - (-27 + 31) - -3
-2
18 - 21 - (0 - 3 - -3)
-3
What is the value of 31 + -25 + -10 + 1 + -1?
-4
What is 4 - (0 + 7) - -2?
-1
What is -12 - -17 - (2 + -4)?
7
Evaluate (0 + 2 - (10 - 5)) + -7.
-10
Evaluate (2 - 5) + 2 + 1 + -6.
-6
What is 4 + -1 - (-13 + 18 + 6)?
-8
Calculate -3 - -8 - (1 + -3).
7
-3 + (1 - -2 - (12 + -7))
-5
What is the value of 0 - (5 + -6 + 1)?
0
Calculate -3 + 24 + -11 + -2.
8
6 + -3 + (0 - 4) + -2
-3
Evaluate -3 - (-8 - -3 - (3 + -1)).
4
What is -2 - -4 - (-2 - (-2 + -4))?
-2
What is -5 + (-4 - (4 - 10)) - 3?
-6
-3 - 7 - (-4 + -1)
-5
What is the value of (5 - 6) + 9 + -5?
3
Evaluate 1 - (12 + -17 + 3).
3
Evaluate 0 + 0 - (24 - 23).
-1
What is -21 + 24 + (-2 - 1)?
0
What is the value of -7 + (5 - 1) - -7?
4
(-74 - -75) + (-2 - (2 - 2))
-1
3 - (3 + 2 + (3 - 7))
2
-2 - 0 - -14 - 3
9
Calculate -4 - (6 - 4 - 8) - 0.
2
Calculate -13 + 16 + (3 - 2).
4
Calculate -5 - (7 - 17) - -1.
6
Evaluate -142 + 154 + -1 + -6.
5
Calculate 2 + -7 - (-10 + -1).
6
Evaluate -5 + (13 - (22 + -10)).
-4
What is the value of (-3 - (2 + 3)) + 30 + -19?
3
-1 - -1 - (-1 - -2)
-1
-12 + (6 - 0) + 9 + -4
-1
Calculate -10 + -4 + 9 - (1 + -8).
2
10 - (7 + 3 + 0 + -5)
5
Evaluate 2 + (-1 - (-3 + 1) - -2).
5
What is -1 + 3 + (-71 - -60)?
-9
What is -5 - (-1 + 2 + -7)?
1
What is the value of 5 - (4 + (3 - 4))?
2
Evaluate (2 - 0) + (1 - -6 - 3).
6
7 + (-4 - 2 - -11 - 9)
3
Evaluate 14 + -17 + 3 - (1 + -2).
1
Evaluate (-5 - (-1 - -2)) + 4 + 1.
-1
Evaluate -1 + -2 - 5 - -3.
-5
What is the value of 1 + (-2 - 1) + 7 + -7?
-2
(1 - (-3 - 1 - -6)) + 2
1
What is the value of (-17 - -15) + -1 + 2?
-1
0 + 14 - (28 + -23)
9
Evaluate 16 - 11 - 4 - (0 + 3).
-2
Calculate 2 + -8 + 4 + 2.
0
(6 - 5) + 0 + -6 + 8
3
What is the value of (0 - 3) + 11 + -3?
5
(-1 - -8) + -3 - -2
6
(72 - 75) + -1 + 1
-3
What is the value of -8 - (0 + -12 + 2)?
2
Calculate -1 + -5 + 1 + (147 - 149).
-7
What is -7 + 2 - 0 - (-1 + -1)?
-3
Calculate (471 - 464) + (3 - (0 - 0)).
10
What is the value of 1 - -2 - (-8 - -10) - 4?
-3
Calculate (-5 - 2) + (-2 - -7) - 3.
-5
What is the value of 1 + -4 + (10 - (4 + 0))?
3
Calculate (5 + -4 - 5) + 5 - 10.
-9
Evaluate (0 + -6 - (-1 - 10)) + -6.
-1
(-5 - 0) + 10 + -6 - 3
-4
Evaluate 7 + -33 + 12 + 6.
-8
What is the value of 4 + -10 + 4 + -1 - -3?
0
What is the value of 0 - (-2 - -4 - -5 - 2)?
-5
What is the value of -79 + 86 - (15 - 1)?
-7
Calculate 16 + (-22 - -10) - -2.
6
Evaluate -5 - (4 + (8 - 15)).
-2
What is the value of 0 + -5 - 0 - (-442 + 443)?
-6
What is (2 - -2) + (1 - (6 - -3))?
-4
What is -6 + (10 - (1 + 5))?
-2
9 - (5 - (-8 + 6)) - 5
-3
What is (3 - 6) + 2 - (1 - 0)?
-2
What is the value of (5 + -11 - (2 + -2)) + -4?
-10
Evaluate -2 + (-1 - -4) + 0 + -1.
0
What is the value of (11 - 3) + 0 - 6?
2
3 - (6 - (-5 + 8))
0
What is the value of -2 - (-4 + -7) - 6?
3
What is the value of 4 + 2 + -8 + 4?
2
What is (-12 - -16) + (2 - 7)?
-1
What is 5 + 10 + -12 + -4 + 1?
0
-8 + (10 - 14 - -6)
-6
Calculate -8 + -18 + 13 + 12.
-1
What is the value of 5 - (-3 + 2) - (18 + -2)?
-10
-3 - 9 - 0 - -7
-5
What is the value of (10 - -11) + -12 - 5?
4
What is (-2 - (-6 - (-1 - 2))) + 4?
5
Calc